.
6
Let j(u) = -8*u + 4. Let c be j(1). Suppose 2*h + 4*y = 13 + 1, h + y - 5 = 0. Let f(k) = k**h + 4 + 5*k**2 - 7 + 2*k + 3*k. Give f(c).
-7
Let i(b) = 2*b + 6. Let j(r) = -r - 2. Let u(h) = i(h) + 3*j(h). Let y = 7 - 3. Determine u(y).
-4
Let m(a) be the third derivative of -a**7/5040 - a**6/144 - a**5/10 + 5*a**2. Let y(u) be the third derivative of m(u). What is y(6)?
-11
Let y(d) = d**2 - 4*d + 3. Let k be y(4). Let c(w) = -3. Let l(j) be the first derivative of -j**2/2 - 2. Let n(b) = c(b) + l(b). What is n(k)?
-6
Let r(m) = -m**3 - 4*m**2 + 4*m + 2. Let s(j) = -j - 21. Let g be s(-16). Calculate r(g).
7
Suppose -14 = -0*v - 2*v. Let j(k) = 2*k**3 + 5*k**2 - k - 10. Let i(o) = -o**3 - 3*o**2 + 5. Let l(s) = v*i(s) + 3*j(s). Determine l(-5).
-5
Let c(i) = 7*i + 14 - 4*i + 5*i - 2*i. Let a(t) = -2*t - 11. Let m(k) = 4*k + 23. Let v(p) = -13*a(p) - 6*m(p). Let x(h) = -6*c(h) + 17*v(h). Calculate x(-2).
5
Let j(x) = -2*x. Suppose 6 + 0 = 2*w. Determine j(w).
-6
Let x(n) be the second derivative of n**3/6 + 7*n**2/2 + 10*n. Determine x(-6).
1
Let f(b) = -30 - b**2 + 25 + b - 6*b. Determine f(-5).
-5
Let b be 4 - 11/((-55)/20). Let r(g) = -g**2 + 10*g - 5. What is r(b)?
11
Let v(l) = -l**3 - 3*l**2 + l - 2. Suppose -3*x = 3*y - 25 + 10, 25 = 5*x + y. Suppose -2*f - 2*f - 5*z - 12 = 0, x*f - z = -15. Give v(f).
-5
Suppose k - 26 = -5*a, -a + 19 = 7*k + 7. Let q(h) = -3*h**2 - 2 + 3 + 4*h**2. What is q(k)?
2
Let g(t) = t - 2. Suppose -6*f = -3*f. Let h be g(f). Let d(v) = -v**3 - v - 2. Calculate d(h).
8
Let o(g) = -g**3 - 2*g - 3. Let j be 45/10 - 1/(-2). Suppose -2*b - j*l = 2*b + 23, -b + 1 = -l. Calculate o(b).
9
Let d(l) = l - 2. Suppose 5*j - 14 - 31 = 0. Let f = j + -9. Suppose f = 5*z - 3*o + 30, 0 = 3*z - o + 2*o + 4. What is d(z)?
-5
Suppose 4 = -0*p - 4*p + 2*n, 4 = -3*p + 2*n. Let q(a) = -a**2. Let m(k) = -10. Let t(y) = m(y) + q(y). Calculate t(p).
-10
Let i(j) = 5*j**3 + 6*j - 4*j**3 - 16 + 15 - 5*j**2. Let n(z) = 5*z**3 - 2*z**2 + 2*z - 1. Let a be n(1). What is i(a)?
7
Suppose 0 = 3*o - 10 + 4. Let r(p) be the third derivative of 5/24*p**4 + 7/6*p**3 + 0 + 2*p**o + 0*p - 1/60*p**5. What is r(5)?
7
Let i(f) be the second derivative of 0*f**3 - 1/6*f**4 - 1/120*f**5 + 0 - f + 1/72*f**6 + 0*f**2. Let l(o) be the third derivative of i(o). Give l(1).
9
Let g = 0 - 0. Suppose g = z + 4*z - 60. Suppose -3*w + z = w. Let s(x) = x**2 - 4*x. What is s(w)?
-3
Let h(d) be the third derivative of -d**6/120 - d**5/60 - d**4/6 + d**3/2 - 16*d**2. Calculate h(2).
-17
Let g(u) = u**3 - 5*u**2 + 3*u - 5. Let a = 21 - 18. Suppose -1 + 2 = p - 3*d, d + 11 = a*p. Give g(p).
-9
Let k(t) = -t**2 - 2*t + 3. Let n(v) = -4*v - 2*v**2 + 0*v + v + 6. Let m(o) = 10*o - 1. Let x be m(-1). Let u(y) = x*k(y) + 6*n(y). What is u(4)?
3
Suppose 2*b = 2*g + 1 + 15, 2*g - 14 = -4*b. Suppose -b*t - 24 = -0*t + 4*p, -4*p + 16 = -5*t. Let m(v) = v**3 + 0*v**2 - 3 + 5*v**2 + v + v. Calculate m(t).
5
Let u(x) be the second derivative of -x**6/360 + x**5/15 - 7*x**4/24 + x**3/3 + 2*x. Let o(p) be the second derivative of u(p). What is o(5)?
8
Let t(z) = z**3 - 1 + 3*z + 4 - z + 4*z**2 + z. Give t(-4).
-9
Let d(r) = 0*r - 2 + 0*r - r**2 - 2*r. Let k = -11 + 9. Give d(k).
-2
Let t be (-6)/(-16) + (-21)/(-8). Let q(w) = -w**3 + 6*w**2 + 1. Determine q(t).
28
Let y(r) = 14*r**3 + 2*r**2 - r. Let w be -3 + (-3)/(-3) - -3. Calculate y(w).
15
Let n(j) = j**3 - 5*j**2 + 2*j - 3. Let m be 8 - ((-4)/2 - -5). What is n(m)?
7
Let k be 2*(-1)/6*(-5 + 2). Let u(z) be the third derivative of -1/30*z**5 + 0 + 1/12*z**6 + 1/6*z**3 + 0*z**4 + z**2 + 0*z. Determine u(k).
9
Let y(o) = o**3 + 4*o**2 - 3*o - 3. Let a(g) = g**3 - 5*g**2 + 3*g - 1. Let n be a(4). Calculate y(n).
-13
Suppose 4*i = 5 + 3. Let z(m) = 6*m - 6. Let a(t) be the first derivative of -7*t**2/2 + 7*t + 1. Let r(c) = 3*a(c) + 4*z(c). What is r(i)?
3
Let u = -139 + 136. Let s(j) = -j**2 - 3*j - 1. Give s(u).
-1
Let s(o) = 2*o + 1. Let b(j) = -j + 1. Let c(n) = -3*b(n) + 3*s(n). Give c(-1).
-9
Let p(r) be the first derivative of 4*r - 1/4*r**4 + r**3 + 3/2*r**2 - 1. What is p(4)?
0
Let i(h) = 7*h**3 + h + 7*h**2 - 3*h + 3*h + 1 - 6*h**3. What is i(-7)?
-6
Let p = 4 - 2. Suppose 2*i + 3 = -3*k, -3*i - 10 - p = -3*k. Let j = i - -6. Let t(a) = a**2 - a. What is t(j)?
6
Let r(k) = 13*k**2 + 3*k. Let d(l) = 27*l**2 + 5*l. Let q(u) = 4*d(u) - 7*r(u). Calculate q(-1).
18
Let f(r) = r**3 + r**2 - 11. Let h be f(0). Let b(v) = v**2 + 9*v - 9. Let p(d) = 46*d - 46 - 6*d**2 + 6*d**2 + 6*d**2. Let l(o) = h*b(o) + 2*p(o). Give l(5).
-3
Let n(d) = -1. Let g(c) be the first derivative of -c**2 + 4*c - 1. Let j(b) = g(b) + 6*n(b). What is j(2)?
-6
Suppose v + 2*v + 12 = 0. Let n(y) = -1 - y - 2 - 2. Give n(v).
-1
Let w(x) = x + 6. Let u be w(5). Let c = u + -13. Let t be 12/14*(5 - c). Let v(k) = -k**2 + 8*k - 7. Calculate v(t).
5
Let r = 1 + 0. Let h(p) = -6*p + 1. Give h(r).
-5
Let l(m) = m**3 + 5*m**2 - 7*m - 9. Let r be l(-6). Let k(t) = 9*t - 6. Let o(b) = -8*b + 5. Let x(v) = r*k(v) - 4*o(v). Determine x(2).
8
Let f(v) = 0*v - 3*v + 2*v - 2. Let z(d) = -6*d + 9. Let o be z(6). Let a = -21 - o. Give f(a).
-8
Let v(a) be the second derivative of 2*a + 0 - 7/2*a**2 - 1/20*a**5 - 4/3*a**3 - 1/2*a**4. What is v(-5)?
8
Let p(s) be the first derivative of 1/2*s**2 + 1/6*s**3 - 3/5*s**5 + s - 3 - 1/12*s**4. Let q(f) be the first derivative of p(f). Give q(-1).
11
Suppose -5*q = -5*y, 6 = 3*y - q + 2. Let o(t) = 3*t**2 - 1 + t**y - 1 - 5*t**2 - 7*t. Calculate o(-6).
4
Suppose 0*r + 4*z = -3*r + 21, -5*r + 12 = -z. Let m(l) = l + 1. Let s(v) = v + 9. Let f(y) = 6*m(y) - s(y). Determine f(r).
12
Let c(b) = -b - 3. Suppose 0 = -3*a + o - 20, -3*o = -2*a + o - 30. Give c(a).
2
Let x(q) = 3*q**3 + 4*q**2 + q + 2. Let l(z) = -z**3 - 1. Suppose 5*m - 2*s + 10 = 0, 2*s + 4 = -4*m - 22. Let n(w) = m*l(w) - x(w). Determine n(2).
-8
Let o(b) = b + 1. Let h = -5 - -7. Suppose -h*w - 18 = w. Give o(w).
-5
Let s(n) = -n**2 - 3*n**2 + 5*n**2. Suppose 0 = g + 1, -x - 2*g = -g + 2. Let a be x + -6*2/(-4). What is s(a)?
4
Let j(u) = u**2 - 7*u + 5. Let o be (-2)/3 - (-56)/12. Give j(o).
-7
Let o(a) be the second derivative of 0 - 3*a**2 - 1/6*a**3 - 2*a. Let r = 1 + -7. Determine o(r).
0
Let u(r) = 4*r**3 + 9*r**2 + 9*r - 5. Let w(n) = -7*n**3 - 17*n**2 - 17*n + 10. Let j(k) = -5*u(k) - 3*w(k). What is j(-5)?
-10
Suppose -3*t + 6 = 24. Let r(j) = -j**3 - 6*j**2 - j - 1. Give r(t).
5
Let w(t) = t**2 + t - 4. Suppose -4*g + 2*u = -48, -3*u - 22 = -g - 0*u. Let i be (-5)/25 - (-32)/g. Give w(i).
8
Let c(r) = -r + 2. Let q(m) = -m + 2. Let x be q(-5). Let b = x - 4. Suppose 3*g = -b*h, -3*h - 35 = -7*g + 3*g. Calculate c(g).
-3
Let d(r) be the third derivative of r**5/60 + 3*r**4/8 + r**3/6 + 14*r**2. Determine d(-6).
-17
Let k be 2/(1 - -1) + -6. Let j(t) = 3*t**3 - 9*t**2 + t - 3. Let h(v) = 4*v**3 - 10*v**2 + v - 3. Let g(l) = 4*h(l) - 5*j(l). Determine g(k).
8
Let z(w) = -2*w + 0 + 3 + 3*w**2 - 2 - 3. Determine z(2).
6
Let k(g) = g**2 - 4*g - 4. Let f(x) = -x**2 + 4*x + 3. Let s(a) = -6*f(a) - 5*k(a). Determine s(3).
-1
Let z(c) be the third derivative of 0 + 0*c - 1/120*c**6 + c**2 + c**3 - 1/60*c**5 - 1/24*c**4. Determine z(0).
6
Let g(x) be the first derivative of 0*x + 1 + 1/2*x**2. Suppose -3*r - 2 + 8 = 0. Give g(r).
2
Let w(i) = i**2 - 3*i - 2. Let p = 5 - 1. Suppose 4 = -2*n - 0, 2*d = 4*n + p. What is w(d)?
8
Let z(s) be the second derivative of s**4/12 + 3*s**3/2 + 4*s**2 - 11*s. Let y be 3/(-15)*-2*-15. Calculate z(y).
-10
Let n(a) = a + 10. Let h be n(-8). Let v(l) = -3*l**2 - 5*l + 2 + l**2 + 3*l**h - 6. Determine v(4).
-8
Let s be ((-9)/12)/(2/8). Let b(m) = -m**2 - 6*m - 3. Let g(y) = -3*y**2 - 17*y - 8. Suppose -7 + 1 = -2*t. Let q(n) = t*g(n) - 8*b(n). Determine q(s).
0
Let l(a) = 7 + a - a**2 - 3*a + 6*a. Let d(i) = 2*i - 9. Let u be d(7). Suppose 3*r - u*x = 0, 5*x - 12 = x. Give l(r).
2
Let l(f) = f**3 - 3*f**2 + f - 1. Let v be 3/(9/(-5))*-3. Suppose m - 2*m + 10 = 4*y, 5*m - 5 = -v*y. Let q be l(y). Let z(p) = 2*p**2 - 2*p. Determine z(q).
4
Let p(k) = -5 - 27*k - 26*k + k**2 + 54*k. Determine p(0).
-5
Let z(u) = -2*u**2. Let p(w) = 2*w**2. Let t(j) = -4*p(j) - 3*z(j). Suppose 0 = s - 3*s + 2. Suppose -4*i - a - s = -0*i, -a = i + 4